, 11287
What are the prime factors of 3465934?
2, 1732967
What are the prime factors of 422713?
149, 2837
What are the prime factors of 197785?
5, 7, 5651
What are the prime factors of 769684?
2, 193, 997
What are the prime factors of 88389?
3, 7, 23, 61
What are the prime factors of 1856889?
3, 19, 10859
List the prime factors of 248085.
3, 5, 37, 149
What are the prime factors of 564656?
2, 35291
List the prime factors of 70475.
5, 2819
List the prime factors of 219873.
3, 73291
List the prime factors of 15093721.
47, 321143
List the prime factors of 175528.
2, 37, 593
List the prime factors of 922470.
2, 3, 5, 97, 317
List the prime factors of 9341204.
2, 163, 14327
List the prime factors of 22845.
3, 5, 1523
List the prime factors of 2133956.
2, 11, 4409
List the prime factors of 14691190.
2, 5, 163, 9013
List the prime factors of 1618156.
2, 404539
List the prime factors of 89991.
3, 11, 101
List the prime factors of 7285880.
2, 5, 7, 26021
List the prime factors of 381721.
89, 4289
List the prime factors of 322506.
2, 3, 19, 23, 41
What are the prime factors of 920285?
5, 184057
List the prime factors of 115657.
115657
List the prime factors of 712536.
2, 3, 11, 2699
What are the prime factors of 56617?
11, 5147
List the prime factors of 966204.
2, 3, 26839
List the prime factors of 748996.
2, 53, 3533
What are the prime factors of 62703?
3, 6967
List the prime factors of 76243.
76243
What are the prime factors of 299288?
2, 11, 19, 179
List the prime factors of 5409759.
3, 1803253
What are the prime factors of 206857?
7, 29, 1019
List the prime factors of 134913.
3, 44971
List the prime factors of 6410028.
2, 3, 37, 14437
What are the prime factors of 7166930?
2, 5, 716693
List the prime factors of 1294951.
7, 184993
List the prime factors of 68882.
2, 11, 31, 101
List the prime factors of 1675160.
2, 5, 41879
List the prime factors of 253414.
2, 7, 23, 787
What are the prime factors of 3110884?
2, 7, 111103
List the prime factors of 292413.
3, 11, 8861
List the prime factors of 6615430.
2, 5, 127, 5209
What are the prime factors of 91535?
5, 18307
What are the prime factors of 2633290?
2, 5, 11, 37, 647
What are the prime factors of 440625?
3, 5, 47
List the prime factors of 1571681.
1571681
What are the prime factors of 193489?
181, 1069
List the prime factors of 3971891.
7, 11, 7369
What are the prime factors of 456726?
2, 3, 163, 467
List the prime factors of 1511748.
2, 3, 7, 857
List the prime factors of 1303377.
3, 434459
List the prime factors of 2267305.
5, 453461
List the prime factors of 1288358.
2, 181, 3559
What are the prime factors of 193908?
2, 3, 11, 13, 113
List the prime factors of 2223984.
2, 3, 7, 6619
List the prime factors of 12643541.
12643541
List the prime factors of 320165.
5, 64033
List the prime factors of 6868221.
3, 17, 137, 983
List the prime factors of 11035613.
11035613
List the prime factors of 8226958.
2, 97, 42407
What are the prime factors of 422083?
422083
List the prime factors of 1597283.
89, 131, 137
What are the prime factors of 1063609?
1063609
List the prime factors of 784605.
3, 5, 19, 2753
What are the prime factors of 906585?
3, 5, 19, 3181
List the prime factors of 914190.
2, 3, 5, 31, 983
What are the prime factors of 17006834?
2, 13, 17, 109, 353
What are the prime factors of 2254416?
2, 3, 67, 701
List the prime factors of 5771704.
2, 17, 31, 37
What are the prime factors of 12358979?
47, 262957
What are the prime factors of 594501?
3, 53, 3739
What are the prime factors of 868826?
2, 7, 229, 271
List the prime factors of 95954.
2, 47977
What are the prime factors of 4669742?
2, 7, 11, 30323
List the prime factors of 87435.
3, 5, 29, 67
What are the prime factors of 196468?
2, 49117
What are the prime factors of 465183?
3, 5743
What are the prime factors of 3151093?
11, 19, 15077
List the prime factors of 412006.
2, 7, 29429
What are the prime factors of 876109?
13, 19, 3547
List the prime factors of 1931344.
2, 120709
What are the prime factors of 824397?
3, 7, 37, 1061
List the prime factors of 2004002.
2, 7, 11, 13
What are the prime factors of 8154729?
3, 11, 27457
List the prime factors of 10662193.
191, 55823
What are the prime factors of 5007165?
3, 5, 19, 17569
List the prime factors of 1807894.
2, 11, 37, 2221
What are the prime factors of 369376?
2, 7, 17, 97
List the prime factors of 65010.
2, 3, 5, 11, 197
What are the prime factors of 806204?
2, 7, 28793
What are the prime factors of 645223?
151, 4273
What are the prime factors of 2132753?
7, 547, 557
What are the prime factors of 10702951?
7, 1528993
What are the prime factors of 450557?
450557
List the prime factors of 504968.
2, 17, 47, 79
What are the prime factors of 353397?
3, 11, 10709
List the prime factors of 90536.
2, 11317
What are the prime factors of 40657807?
151, 269257
List the prime factors of 410297.
23, 17839
List the prime factors of 781689.
3, 67, 3889
What are the prime factors of 2402963?
167, 14389
What are the prime factors of 2661903?
3, 59, 557
List the prime factors of 339849.
3, 41, 307
What are the prime factors of 667587?
3, 193, 1153
List the prime factors of 312877.
59, 5303
What are the prime factors of 542722?
2, 89, 3049
List the prime factors of 27029694.
2, 3, 17, 264997
List the prime factors of 21220.
2, 5, 1061
List the prime factors of 145594.
2, 72797
List the prime factors of 311288.
2, 167, 233
List the prime factors of 10143573.
3, 11, 307381
What are the prime factors of 19213164?
2, 3, 113, 4723
List the prime factors of 3643443.
3, 404827
What are the prime factors of 11656?
2, 31, 47
List the prime factors of 55670.
2, 5, 19, 293
What are the prime factors of 252604?
2, 11, 5741
List the prime factors of 25487208.
2, 3, 19, 31, 601
What are the prime factors of 865824?
2, 3, 29, 311
List the prime factors of 1830895.
5, 11, 33289
List the prime factors of 1043443.
17, 61379
List the prime factors of 4466327.
4466327
What are the prime factors of 5293565?
5, 23, 191, 241
List the prime factors of 2591697.
3, 863899
What are the prime factors of 30267485?
5, 43, 140779
List the prime factors of 372389.
29, 12841
List the prime factors of 170860.
2, 5, 8543
List the prime factors of 1757411.
1757411
What are the prime factors of 2472826?
2, 443, 2791
List the prime factors of 179271.
3, 19919
List the prime factors of 2315559.
3, 771853
List the prime factors of 13644690.
2, 3, 5, 454823
List the prime factors of 24970213.
24970213
What are the prime factors of 68682?
2, 3, 11447
What are the prime factors of 864?
2, 3
List the prime factors of 175133.
7, 127, 197
What are the prime factors of 662578?
2, 7, 6761
List the prime factors of 389147.
11, 17, 2081
What are the prime factors of 6269409?
3, 23, 31, 977
List the prime factors of 3868933.
3868933
List the prime factors of 1004828.
2, 11, 41, 557
What are the prime factors of 505213?
505213
List the prime factors of 18612444.
2, 3, 1551037
What are the prime factors of 225402?
2, 3, 37567
What are the prime factors of 210815?
5, 11, 3833
What are the prime factors of 10169079?
3, 3389693
List the prime factors of 185596.
2, 46399
What are the prime factors of 2251322?
2, 59, 19079
What are the prime factors of 512150?
2, 5, 10243
List the prime factors of 34319.
34319
List the prime factors of 1566557.
47, 33331
What are the prime factors of 597630?
2, 3, 5, 11, 1811
List the prime factors of 216337.
11, 71, 277
What are the prime factors of 32474396?
2, 8118599
What are the prime factors of 7677826?
2, 13, 47, 61, 103
List the prime factors of 5105290.
2, 5, 510529
List the prime factors of 931884.
2, 3, 79, 983
List the prime factors of 5041146.
2, 3, 11, 17, 4493
List the prime factors of 63771.
3, 29, 733
What are the prime factors of 7735933?
53, 227, 643
List the prime factors of 7160762.
2, 7, 89, 821
What are the prime factors of 1141057?
17, 67121
What are the prime factors of 20927?
17, 1231
What are the prime factors of 27756?
2, 3, 257
List the prime factors of 45204.
2, 3, 3767
List the prime factors of 92728.
2, 67, 173
What are the prime factors of 63966?
2, 3, 7, 1523
What are the prime factors of 3869484?
2, 3, 43, 7499
List the prime factors of 81950.
2, 5, 11, 149
List the prime factors of 2875210